8
What is the thousands digit of 258257?
8
What is the units digit of 8632236?
6
What is the millions digit of 5407208?
5
What is the hundreds digit of 56118?
1
What is the thousands digit of 40817?
0
What is the thousands digit of 19099382?
9
What is the ten thousands digit of 87927?
8
What is the thousands digit of 40200517?
0
What is the units digit of 234011?
1
What is the tens digit of 2151?
5
What is the millions digit of 3963307?
3
What is the tens digit of 9578349?
4
What is the hundreds digit of 723444?
4
What is the tens digit of 931355?
5
What is the units digit of 99876?
6
What is the thousands digit of 3401599?
1
What is the tens digit of 8813166?
6
What is the hundred thousands digit of 341484?
3
What is the thousands digit of 4212364?
2
What is the tens digit of 113814?
1
What is the tens digit of 420146?
4
What is the tens digit of 1467704?
0
What is the ten thousands digit of 3006101?
0
What is the hundred thousands digit of 4384016?
3
What is the tens digit of 13919197?
9
What is the ten thousands digit of 613692?
1
What is the thousands digit of 17302?
7
What is the millions digit of 2136946?
2
What is the hundred thousands digit of 4694338?
6
What is the hundreds digit of 12858570?
5
What is the units digit of 3280435?
5
What is the tens digit of 638660?
6
What is the hundred thousands digit of 311315?
3
What is the millions digit of 40393705?
0
What is the millions digit of 3783151?
3
What is the hundred thousands digit of 2024244?
0
What is the ten millions digit of 11553928?
1
What is the hundreds digit of 11571301?
3
What is the units digit of 1667270?
0
What is the hundred thousands digit of 1374066?
3
What is the hundreds digit of 5744784?
7
What is the ten thousands digit of 675346?
7
What is the hundred thousands digit of 2106825?
1
What is the tens digit of 335584?
8
What is the hundred thousands digit of 3878905?
8
What is the tens digit of 55741?
4
What is the ten thousands digit of 182233?
8
What is the hundred thousands digit of 3580258?
5
What is the hundreds digit of 3054072?
0
What is the hundreds digit of 835587?
5
What is the ten thousands digit of 104152?
0
What is the units digit of 637883?
3
What is the thousands digit of 111648?
1
What is the millions digit of 3518250?
3
What is the units digit of 7819354?
4
What is the hundreds digit of 286097?
0
What is the hundred thousands digit of 6221492?
2
What is the thousands digit of 4217576?
7
What is the hundred thousands digit of 509569?
5
What is the ten thousands digit of 22730?
2
What is the units digit of 35517348?
8
What is the thousands digit of 2613848?
3
What is the tens digit of 501407?
0
What is the tens digit of 656824?
2
What is the hundred thousands digit of 4504805?
5
What is the units digit of 570704?
4
What is the tens digit of 1187420?
2
What is the hundred thousands digit of 1824099?
8
What is the tens digit of 1795413?
1
What is the ten thousands digit of 146669?
4
What is the tens digit of 24983231?
3
What is the hundred thousands digit of 317875?
3
What is the ten millions digit of 17249363?
1
What is the ten millions digit of 10968826?
1
What is the hundred thousands digit of 1335917?
3
What is the ten thousands digit of 1613706?
1
What is the hundred thousands digit of 4807769?
8
What is the thousands digit of 2317?
2
What is the ten thousands digit of 291678?
9
What is the ten thousands digit of 2516577?
1
What is the hundreds digit of 6527710?
7
What is the thousands digit of 11063538?
3
What is the tens digit of 21554779?
7
What is the ten thousands digit of 355212?
5
What is the ten thousands digit of 266994?
6
What is the units digit of 4084838?
8
What is the thousands digit of 760254?
0
What is the ten thousands digit of 5256734?
5
What is the ten thousands digit of 28053?
2
What is the thousands digit of 67506?
7
What is the tens digit of 7187996?
9
What is the millions digit of 6699537?
6
What is the hundreds digit of 696913?
9
What is the tens digit of 717514?
1
What is the units digit of 135250?
0
What is the units digit of 24559197?
7
What is the thousands digit of 313837?
3
What is the thousands digit of 2793877?
3
What is the units digit of 1982?
2
What is the thousands digit of 308978?
8
What is the millions digit of 3376685?
3
What is the tens digit of 210460?
6
What is the thousands digit of 2272084?
2
What is the units digit of 11496056?
6
What is the ten thousands digit of 313607?
1
What is the units digit of 2829404?
4
What is the millions digit of 2731834?
2
What is the thousands digit of 149817?
9
What is the hundred thousands digit of 2530572?
5
What is the hundred thousands digit of 282330?
2
What is the ten millions digit of 10184709?
1
What is the tens digit of 192095?
9
What is the ten thousands digit of 14340953?
4
What is the hundreds digit of 136565?
5
What is the ten thousands digit of 386396?
8
What is the thousands digit of 623705?
3
What is the tens digit of 75610?
1
What is the hundred thousands digit of 167416?
1
What is the hundred thousands digit of 3459808?
4
What is the ten thousands digit of 3134896?
3
What is the hundred thousands digit of 129485?
1
What is the tens digit of 79152?
5
What is the hundreds digit of 4955156?
1
What is the ten thousands digit of 12738274?
3
What is the tens digit of 867431?
3
What is the tens digit of 19043513?
1
What is the tens digit of 107965?
6
What is the tens digit of 1733?
3
What is the ten thousands digit of 2774574?
7
What is the tens digit of 5207719?
1
What is the hundreds digit of 6648829?
8
What is the thousands digit of 427605?
7
What is the ten thousands digit of 60266?
6
What is the hundred thousands digit of 175718?
1
What is the ten thousands digit of 1534375?
3
What is the thousands digit of 6088258?
8
What is the hundreds digit of 2832540?
5
What is the tens digit of 1527622?
2
What is the units digit of 163027?
7
What is the thousands digit of 7721352?
1
What is the units digit of 700067?
7
What is the units digit of 3517931?
1
What is the tens digit of 737361?
6
What is the millions digit of 2261621?
2
What is the units digit of 88189?
9
What is the hundred thousands digit of 805415?
8
What is the units digit of 1651719?
9
What is the millions digit of 1148636?
1
What is the ten thousands digit of 9395298?
9
What is the units digit of 287458?
8
What is the tens digit of 14726993?
9
What is the millions digit of 1094654?
1
What is the thousands digit of 18912934?
2
What is the ten thousands digit of 631268?
3
What is the thousands digit of 1059152?
9
What is the units digit of 3413101?
1
What is the hundred thousands digit of 162693?
1
What is the units digit of 3488030?
0
What is the hundred thousands digit of 8151511?
1
What is the hundred thousands digit of 110091?
1
What is the hundred thousands digit of 1675944?
6
What is the tens digit of 16761?
6
What is the hundred thousands digit of 4203658?
2
What is the thousands digit of 25526?
5
What is the thousands digit of 340734?
0
What is the millions digit of 8865364?
8
What is the tens digit of 154106?
0
What is the millions digit of 5066767?
5
What is the tens digit of 6680520?
2
What is the thousands digit of 3863819?
3
What is the millions digit of 3459860?
3
What is the hundreds digit of 356246?
2
What is the ten thousands digit of 24867487?
6
What is the hundred thousands digit of 36402544?
4
What is the thousands digit of 109207?
9
What is the hundreds digit of 117973?
9
What is the units digit of 293421?
1
What is the thousands digit of 136357?
6
What is the tens digit of 3951764?
6
What is the ten thousands digit of 60760?
6
What is the hundred thousands digit of 8514636?
5
What is the hundreds digit of 33840655?
6
What is the hundreds digit of 487585?
5
What is the units digit of 3939165?
5
What is the hundred thousands digit of 275362?
2
What is the thousands digit of 293689?
3
What is the thousands digit of 138585?
8
What is the ten millions digit of 22116911?
2
What is the units digit of 5236915?
5
What is the hundred thousands digit of 12867209?
8
What is the hundred thousands digit of 8148678?
1
What is the units digit of 277133?
3
What is the ten thousands digit of 65744?
6
What is the thousands digit of 74448?
4
What is the tens digit of 228033?
3
What is the units digi